 3*y, 160 = 2*j + q*y. What is the units digit of j?
5
Suppose 0 = 4*b + 3*y - 14, b - 4*b - 5*y + 16 = 0. Suppose 3*q = 2*v - 860, 804 = 2*v + b*q - 36. What is the tens digit of v?
2
Suppose -2*s + 4232 + 14946 = -2*x, 2*s + 3*x - 19163 = 0. What is the tens digit of s?
8
Let g = -43 - -94. Let q = 56 - g. Suppose 186 = q*u - 129. What is the tens digit of u?
6
Suppose 0 = -4*q + 253*f - 255*f + 180470, 0 = 4*q - 2*f - 180482. What is the hundreds digit of q?
1
Suppose 11*p = -3*b + 547117, -2*b - 132497 = -5*p + 116206. What is the tens digit of p?
3
Let i(g) = 16*g + 190. Let j be i(-12). What is the tens digit of (j/(-18)*3)/(25/4275)?
5
Let q(w) = -3*w - 1. Suppose y - 11 = 10. Let t be q(y). Let g = -49 - t. What is the units digit of g?
5
Let u(j) = -200*j - 223. What is the thousands digit of u(-20)?
3
Let q(b) = -2*b**3 - 23*b**2 - 29*b - 23. Let m be q(-10). Let v = m - -185. What is the tens digit of v?
5
Let z(n) = -2*n**3 + 3*n**2 - 2*n - 325. Let r be z(0). Let w = r - -540. What is the tens digit of w?
1
Let f(y) = -y**3 - 6*y**2 + 8. Let b be f(-6). Let r(q) = q**3 - 7*q**2 - 7*q - 3. Let i be r(b). What is the tens digit of 15/i*-1*(-30 - 0)?
9
Let s be (-75)/12 + ((-4)/16)/(-1). Let o be (-24)/s*2/(-1). What is the units digit of (4 + -7)*1*o?
4
Let c = 167 + -87. Let k = c + -77. Suppose 3*b + 2*l - 626 = 0, 279 = 5*b - k*l - 796. What is the hundreds digit of b?
2
Suppose -50 = -7*i - 8. Let u(b) = -i*b + 21 + b**2 + 8 - 6*b - 5. What is the tens digit of u(19)?
5
Let q = -277 + 141. Let n = q - -79. What is the tens digit of 1 - (n + 2) - (0 - 3)?
5
Suppose 0 = -20*d + 18*d - 8, -k - 4*d = -10941. What is the thousands digit of k?
0
Let y = 555 + 731. Let v = 2083 - y. What is the tens digit of v?
9
Let g(k) = 9*k**3 - 55*k**2 + 50*k - 209. Let l(i) = 5*i**3 - 28*i**2 + 26*i - 104. Let a(b) = -4*g(b) + 7*l(b). What is the thousands digit of a(20)?
1
Let y be -3 + 0 - -7 - 3. What is the units digit of 74 + -1*(y + 1)?
2
Suppose 6*r - 5 - 13 = 0. Suppose r*q - 482 - 433 = 0. What is the tens digit of q?
0
Let f(q) = 121*q**2 + 43*q - 374. What is the units digit of f(13)?
4
What is the units digit of (-919)/15*-9*40/(15 - 7)?
7
What is the hundreds digit of ((-10)/2)/1 + -2 + 8647?
6
Suppose 4*g - 404 = -4*k, 2*g - 256 = 5*k - 82. Suppose 1290 = -g*a + 100*a. What is the tens digit of a?
3
Suppose -3*y = 3*v - 18, 0*v - 4*y + 14 = -v. What is the units digit of (20/4 + -8)/(v/(-54))?
1
Suppose 0 = 258*p - 261*p - 597. Let v = p + 310. What is the units digit of v?
1
Suppose -4356*s = -4376*s + 17320. What is the units digit of s?
6
Suppose -12 = -a - 4*y, -3*a + 2*a - 3*y + 9 = 0. Let v be a - 5*(-3 - 4). Suppose 2*u - v = 5*d + 111, 4*u + 5*d - 322 = 0. What is the units digit of u?
8
Suppose 29*k - 5*k = -68*k + 1101056. What is the units digit of k?
8
What is the units digit of ((-1960)/(-112))/(30/90708)?
3
Suppose -35*w + 30*w + 40 = 0, 8*x + w = 25744. What is the units digit of x?
7
Let z(p) = -p**3 + 21*p**2 + 31*p + 229. What is the thousands digit of z(-10)?
3
Suppose h = 2*p + 3*h + 78, -5*p - h = 183. What is the hundreds digit of (179/3)/(p/(-216))?
3
Let f = -6639 + 37257. What is the thousands digit of f?
0
Let f = -62 - -94. Let a = 32 - f. Suppose -s + 56 = -2*d + 149, 4*d + 2*s - 190 = a. What is the units digit of d?
7
Suppose -254*g - 316670 + 1477460 = -804916. What is the tens digit of g?
3
Suppose -5*c - 299 = 1941. Let k(i) = -2*i**3 + 18*i**2 - 25*i - 41. Let g be k(9). Let j = g - c. What is the hundreds digit of j?
1
Suppose l + 2*r - 59 = -0*r, 5*r - 20 = 0. What is the units digit of 21618/l - 24/(-204)?
4
Suppose -l + 4535 = 4*w - 1204, 3*l - 4*w = 17313. What is the hundreds digit of l?
7
Suppose 4*u - 133616 = -2*z, -61*u + 3*z = -58*u - 100212. What is the units digit of u?
4
Let k(f) = 308*f**2 + 8*f - 46. What is the thousands digit of k(-9)?
4
Let b be (1 + -1)/(-1 + -1). Suppose 4 = q - b, -a - q = -269. What is the hundreds digit of a?
2
Let m be (-1146)/4*(-120)/18. Suppose 59*s + m = 61*s. What is the tens digit of s?
5
Suppose 3*m = 50*d - 49*d - 857, 2*d + 3*m = 1768. What is the tens digit of d?
7
Let c = 31266 - 27178. What is the thousands digit of c?
4
Suppose -4*c - 2*l + 18 = 0, 9 + 6 = 2*c + 3*l. Suppose -5*z + 20 = 4*t - 3*t, 0 = -c*z - 2*t + 5. Suppose -k + z*k - 180 = 0. What is the tens digit of k?
4
Let a(y) = 8*y - 26. Let t be a(5). Suppose 592 = t*p - 12*p. What is the hundreds digit of p?
2
Let i(o) = -388*o - 42. What is the tens digit of i(-25)?
5
Suppose 0 = -5*y + 1343 - 268. Suppose 0 = -5*d - y - 180. Let x = d - -118. What is the units digit of x?
9
Let r = -1265 + 9628. What is the thousands digit of r?
8
Let d(a) = -a**3 - 12*a**2 - 29. Let m be -16 + -7*9/(-21). What is the tens digit of d(m)?
4
What is the units digit of 108 + -98 + (0 + 13165 - 2)?
3
Let g = 54201 + -36885. What is the hundreds digit of g?
3
Let k = -1809 - -1051. Let j = k - -1319. What is the hundreds digit of j?
5
Suppose 16 = -4*n + 3*y, -5*n - y = -0 + 1. Let l be (2 + -3)*(n + 2) + 106. Let x = -22 + l. What is the units digit of x?
3
Suppose 5*g - 11523 = -2*f, 11*g - 7*g = 5*f - 28890. What is the tens digit of f?
7
Suppose 4740 = 31*h - 406. What is the units digit of h?
6
Let r be (-50)/475 - (-116)/19. Suppose 42 = 8*h + r*h. Suppose 0 = 3*x + 2 + 1, -4*b + h*x + 1139 = 0. What is the units digit of b?
4
What is the tens digit of ((-292)/5)/((-328)/(-960) - 15/40)?
5
Suppose 957*v - 6372 = 948*v. What is the tens digit of v?
0
Let q = -52 + 60. Let v(h) = 2*h**2 + 6*h - 11. Let i be v(q). Suppose 0 = 2*s - 3*g - i, -2*s + 4*g - 55 = -3*s. What is the units digit of s?
5
Let d = 45 - 42. Let r(u) = u**3 + u - 6. Let x be r(d). What is the units digit of (x/20)/(1/20)?
4
What is the units digit of (-3 - (-45)/10) + 106767/18?
3
Suppose -2*i + 3*t + 7342 = 0, -23*i - 5*t + 7326 = -21*i. Let o = i - 1893. What is the thousands digit of o?
1
Let i(f) = 173*f + 11. Let o be ((-81)/(-15))/3*100/30. What is the tens digit of i(o)?
4
Suppose -4*s - 108936 = -2*w, 33*w = 32*w - 3*s + 54428. What is the ten thousands digit of w?
5
Let x(g) = -3 + 0*g**2 - 9*g + 2*g**2 + 2*g + 13*g. What is the units digit of x(-11)?
3
Suppose -n + 3 = 0, -z - 10 = -151*n + 147*n. Suppose 2532 = z*l - 5*v - 382, 4*l + 5*v - 5858 = 0. What is the units digit of l?
2
Let v(t) = 3*t**2 - 8*t + 11. Suppose -16 = 3*h - 40. What is the units digit of v(h)?
9
Let m(z) = 1091*z**3 + 9*z**2 + 5*z - 11. What is the hundreds digit of m(2)?
7
Let l(j) be the second derivative of -29*j**3/3 - 9*j**2/2 - j. Let c(z) = -z - 77. Let d be c(-74). What is the hundreds digit of l(d)?
1
Let r(w) = 444*w**2 - 89*w + 4. What is the ten thousands digit of r(7)?
2
Suppose 2 - 4 = 2*i, -4*b + 1 = -5*i. What is the hundreds digit of (17/(-2) - -8)/(b/1994)?
9
Suppose -n - 94 = -2*i, -2*i - 158 = 3*n + 108. Let r(f) = 65*f + 30. Let m be r(2). Let y = m + n. What is the tens digit of y?
7
Let d = 17 - 21. Let t be d/(-8) + (-13)/(-2). Let h(k) = 5*k + 8. What is the tens digit of h(t)?
4
Suppose 38 + 197 = x. Let w = x + -150. Suppose 7*f - w = 6*f. What is the tens digit of f?
8
Let v = 4006 + 4243. What is the tens digit of v?
4
Let n(w) = w**2 + 13*w + 36. Let g be n(-9). Suppose -11*c + 0*c + 3916 = g. What is the tens digit of (c/3)/(7/(-3) + 3)?
7
Suppose -w - 1 = 0, -k - 2105 = w - 10802. What is the hundreds digit of k?
6
Let h be -5*(-2)/15*3. Suppose -h*d = 5*u - 1872, -u + d = -4*d - 396. What is the hundreds digit of u?
3
Let r(u) = u**3 - 4*u**2 - 55*u - 13. Let o be r(10). Suppose -58*j + 3990 = -o*j. What is the tens digit of j?
9
Suppose 0 = -3*j - a - 8, 0 = -3*j + 2*j + 3*a - 6. What is the units digit of (-3 + 1 + -121)/(j/2)?
2
What is the thousands digit of ((-24)/(-42))/((-16)/(-248192))?
8
What is the tens digit of 20129 - 240 - (-1 + 1)?
8
Let g(q) = q**3 - 30*q**2 - 17*q + 76. Let f be g(30). Let i = f - -729. What is the tens digit of i?
9
Let w(u) = -3*u**2 + 53*u + 23. Let s be w(18). Let o(x) = 96*x - 5. What is the tens digit of o(s)?
7
Let k(c) = -37*c - 48 + 15 - 36. What is the tens digit of k(-4)?
7
Let k(m) = 188*m + 22. Let t be k(5). Let x = 113 + t. What is the thousands digit of x?
1
Supp